e highest common factor of 623 and 21449.
89
What is the greatest common factor of 2813 and 3589?
97
Calculate the greatest common factor of 40584 and 25384.
152
Calculate the highest common divisor of 2 and 437463.
1
Calculate the greatest common factor of 1169 and 14.
7
Calculate the highest common factor of 1184152 and 16.
8
What is the greatest common divisor of 110005 and 1085?
35
Calculate the greatest common divisor of 16 and 373.
1
What is the greatest common divisor of 2225890 and 244?
122
What is the greatest common divisor of 203784 and 14?
14
What is the highest common divisor of 118 and 3970?
2
What is the greatest common divisor of 5879 and 1?
1
What is the highest common divisor of 30 and 152410?
10
What is the greatest common divisor of 39138 and 3564?
66
Calculate the highest common divisor of 64196 and 12892.
44
What is the greatest common factor of 296301 and 3396?
849
Calculate the highest common divisor of 6154 and 8869.
181
What is the highest common factor of 119 and 4732?
7
Calculate the greatest common factor of 495 and 649.
11
What is the highest common divisor of 498 and 257632?
166
What is the highest common divisor of 3240 and 4779?
81
Calculate the highest common factor of 48704 and 1536.
64
Calculate the greatest common divisor of 607 and 4321840.
607
What is the greatest common factor of 280506 and 12?
6
What is the highest common factor of 582 and 23928?
6
Calculate the highest common divisor of 2509 and 923.
13
What is the greatest common factor of 2644625 and 5?
5
What is the highest common factor of 460 and 420?
20
Calculate the highest common divisor of 228 and 57114.
114
What is the greatest common factor of 171 and 284373?
171
What is the highest common divisor of 17716 and 16068?
412
Calculate the highest common factor of 30 and 101505.
15
What is the greatest common divisor of 197057 and 7?
7
What is the greatest common divisor of 532067 and 1643?
53
What is the highest common factor of 64299 and 3?
3
What is the highest common factor of 1206 and 35610?
6
Calculate the highest common divisor of 240 and 952500.
60
Calculate the highest common factor of 19712 and 1568.
224
Calculate the greatest common factor of 41393 and 100859.
583
What is the greatest common factor of 28534 and 44?
22
What is the highest common factor of 986 and 1119603?
493
What is the greatest common divisor of 112148 and 212?
212
Calculate the highest common factor of 255 and 40305.
15
Calculate the highest common factor of 80 and 137080.
40
What is the highest common divisor of 19453 and 1564577?
2779
Calculate the highest common divisor of 29 and 506833.
29
What is the greatest common divisor of 17765 and 9367?
323
Calculate the greatest common divisor of 6125 and 16275.
175
Calculate the highest common factor of 547877 and 11.
11
What is the greatest common divisor of 354002 and 946?
22
What is the highest common factor of 4 and 354148?
4
What is the greatest common factor of 133864 and 1508?
116
Calculate the greatest common factor of 75 and 127800.
75
Calculate the greatest common factor of 3 and 315481.
1
Calculate the greatest common divisor of 1748 and 494.
38
What is the greatest common divisor of 65722 and 204?
34
What is the highest common divisor of 822 and 622254?
822
Calculate the greatest common factor of 783 and 48981.
87
Calculate the greatest common divisor of 1552 and 39.
1
Calculate the highest common factor of 19689 and 372.
3
Calculate the greatest common divisor of 106399 and 206.
103
Calculate the greatest common divisor of 137706 and 354.
354
What is the highest common factor of 17429 and 29?
29
What is the greatest common divisor of 192 and 84160?
64
What is the greatest common divisor of 2890 and 21590?
170
Calculate the highest common divisor of 146 and 107237.
73
What is the highest common factor of 4387050 and 90?
90
What is the highest common factor of 6012 and 324?
36
What is the highest common factor of 99 and 984?
3
Calculate the greatest common factor of 3726 and 5888.
46
Calculate the greatest common divisor of 18945 and 15.
15
What is the greatest common factor of 37568 and 192?
64
Calculate the highest common divisor of 971418 and 28.
14
What is the greatest common factor of 12 and 244236?
12
What is the highest common factor of 292795 and 155?
155
What is the greatest common factor of 462 and 23925?
33
Calculate the highest common divisor of 81902 and 5177.
31
What is the greatest common divisor of 296 and 8768?
8
What is the highest common factor of 33140 and 1000?
20
What is the greatest common factor of 1375 and 124795?
55
What is the highest common divisor of 4465 and 160035?
235
What is the greatest common divisor of 50774 and 280694?
958
What is the greatest common divisor of 14112 and 4896?
288
What is the highest common divisor of 736 and 10856?
184
Calculate the highest common divisor of 4888 and 423.
47
What is the greatest common factor of 2108 and 1277975?
527
Calculate the highest common factor of 238378 and 7.
7
What is the highest common factor of 260 and 328952?
52
What is the greatest common factor of 3991 and 109599?
307
What is the highest common divisor of 87 and 5151?
3
What is the greatest common divisor of 1591 and 2072?
37
What is the greatest common divisor of 222 and 552?
6
What is the highest common divisor of 60767 and 3?
1
Calculate the highest common factor of 9469 and 1114.
557
Calculate the greatest common factor of 158875 and 3100.
775
Calculate the highest common factor of 19021 and 9016.
23
What is the highest common factor of 34226 and 11304?
314
Calculate the greatest common factor of 100 and 59300.
100
Calculate the highest common factor of 11712 and 1342.
122
Calculate the highest common factor of 53775 and 300.
75
Calculate the highest common factor of 51864 and 102.
6
What is the greatest common divisor of 1733351 and 19?
19
Calculate the greatest common factor of 88 and 160116.
44
Calculate the highest common divisor of 39888 and 3.
3
What is the greatest common divisor of 6578 and 69992?
26
Calculate the highest common factor of 1578162 and 996.
498
What is the greatest common factor of 13 and 1237600?
13
Calculate the highest common divisor of 1748 and 684.
76
Calculate the highest common factor of 25402 and 65.
13
What is the highest common factor of 690 and 7710?
30
Calculate the greatest common divisor of 320 and 2296.
8
What is the highest common divisor of 48 and 111084?
12
Calculate the greatest common divisor of 7543 and 48037.
397
What is the greatest common divisor of 4 and 6338?
2
Calculate the greatest common divisor of 19190 and 4009.
19
Calculate the highest common factor of 24 and 770056.
8
Calculate the greatest common factor of 432 and 126.
18
Calculate the highest common divisor of 102 and 47566.
34
Calculate the greatest common divisor of 3255 and 2730.
105
What is the highest common divisor of 7245401 and 178?
89
What is the highest common factor of 20 and 50980?
20
Calculate the greatest common factor of 100 and 2421300.
100
Calculate the greatest common factor of 42240 and 57360.
240
What is the highest common factor of 2093 and 230874?
161
Calculate the highest common factor of 99148 and 224.
28
What is the greatest common factor of 537574 and 776?
194
What is the greatest common divisor of 75 and 6400?
25
What is the greatest common factor of 3653 and 3091?
281
Calculate the highest common factor of 188 and 32.
4
Calculate the highest common divisor of 903 and 252.
21
What is the greatest common divisor of 235444 and 132?
44
What is the greatest common divisor of 4728 and 1112?
8
Calculate the greatest common factor of 123192 and 18.
18
Calculate the highest common divisor of 2321 and 47897.
211
What is the highest common divisor of 2965 and 90?
5
Calculate the greatest common divisor of 355 and 788455.
355
Calculate the highest common factor of 7139 and 847.
121
What is the highest common divisor of 119 and 561153?
17
What is the highest common factor of 251712 and 38?
38
Calculate the highest common factor of 195217 and 22.
11
What is the highest common factor of 3738964 and 12334?
1762
Calculate the greatest common divisor of 72942 and 30.
6
What is the greatest common factor of 1606 and 1177?
11
Calculate the greatest c